{"id":853,"date":"2024-08-05T00:04:42","date_gmt":"2024-08-04T22:04:42","guid":{"rendered":"http:\/\/www.hjortehaven.dk\/?page_id=853"},"modified":"2025-08-13T14:44:38","modified_gmt":"2025-08-13T12:44:38","slug":"groenne-omraader","status":"publish","type":"page","link":"https:\/\/www.hjortehaven.dk\/?page_id=853","title":{"rendered":"Gr\u00f8nne arealer"},"content":{"rendered":"<div id=\"pl-853\"  class=\"panel-layout\" ><div id=\"pg-853-0\"  class=\"panel-grid panel-no-style\" ><div id=\"pgc-853-0-0\"  class=\"panel-grid-cell\" ><div id=\"panel-853-0-0-0\" class=\"so-panel widget widget_sow-editor panel-first-child\" data-index=\"0\" ><div\n\t\t\t\n\t\t\tclass=\"so-widget-sow-editor so-widget-sow-editor-base\"\n\t\t\t\n\t\t>\n<div class=\"siteorigin-widget-tinymce textwidget\">\n\t<p>Grundejerforeningens flagskib er de gr\u00f8nne omr\u00e5der. De har igennem mere end 30 \u00e5r v\u00e6ret passet og plejet af frivillige p\u00e5 udvalgte \u201dhakkedage\u201d, hvor der er luget ukrudt og sk\u00e5ret til.<\/p>\n<p>Nu er beplantningen vokset s\u00e5 meget til, at vi skal til at arbejde mere struktureret og bevidst med vedligeholdelsen af omr\u00e5derne. Det er dermed ikke l\u00e6ngere nok \u201dat klippe lidt her og der\u201d.<\/p>\n<p>Denne aktivitet \u201dudarbejdelse af vedligeholdelsesplan\u201d blev vedtaget p\u00e5 generalforsamlingen i marts 2024, og der blev efterf\u00f8lgende nedsat et udvalg, som har til opgave at beskrive de forskellige beplantninger med angivelse af de respektive plejeforhold for den enkelte beplantning.<\/p>\n<p>Vedligeholdelsesplanen er med andre ord et arbejdsredskab til bestyrelsen og deres arbejde med fortsat pleje og vedligeholdelse af stier og beplantninger.<\/p>\n<p>Arbejdet er nu godt i gang, og du kan f\u00f8lge med i fremdriften gennem referaterne, der l\u00f8bende l\u00e6gges op p\u00e5 hjemmesiden her.<\/p>\n<p>Den endelige plan bliver indstillet til vedtagelse p\u00e5 n\u00e6ste generalforsamling.<\/p>\n<\/div>\n<\/div><\/div><div id=\"panel-853-0-0-1\" class=\"so-panel widget widget_media_image\" data-index=\"1\" ><a href=\"http:\/\/www.hjortehaven.dk\/udvalg\/gr\u00f8nneomr\u00e5der\/Omr\u00e5de.jpg\"><img width=\"644\" height=\"502\" src=\"https:\/\/www.hjortehaven.dk\/wordpress\/wp-content\/uploads\/Omraade-1-644x502.jpg\" class=\"image wp-image-875  attachment-large size-large\" alt=\"\" loading=\"lazy\" style=\"max-width: 100%; height: auto;\" srcset=\"https:\/\/www.hjortehaven.dk\/wordpress\/wp-content\/uploads\/Omraade-1-644x502.jpg 644w, https:\/\/www.hjortehaven.dk\/wordpress\/wp-content\/uploads\/Omraade-1-300x234.jpg 300w, https:\/\/www.hjortehaven.dk\/wordpress\/wp-content\/uploads\/Omraade-1-1536x1198.jpg 1536w, https:\/\/www.hjortehaven.dk\/wordpress\/wp-content\/uploads\/Omraade-1-2048x1597.jpg 2048w\" sizes=\"(max-width: 644px) 100vw, 644px\" \/><\/a><\/div><div id=\"panel-853-0-0-2\" class=\"so-panel widget widget_sow-editor panel-last-child\" data-index=\"2\" ><div\n\t\t\t\n\t\t\tclass=\"so-widget-sow-editor so-widget-sow-editor-base\"\n\t\t\t\n\t\t>\n<div class=\"siteorigin-widget-tinymce textwidget\">\n\t<table>\n<tbody>\n<tr>\n<td><b>Dato<\/b><\/td>\n<td><b>Beskrivelse<\/b><\/td>\n<\/tr>\n<tr>\n<td>04.01.2025<\/td>\n<td><a href=\"http:\/\/www.hjortehaven.dk\/udvalg\/gr\u00f8nneomr\u00e5der\/GF Gr\u00f8nne omr\u00e5der.pdf\" target=\"_blank\" rel=\"noopener\">GF Gr\u00f8nne omr\u00e5der<\/a><\/td>\n<\/tr>\n<tr>\n<td>04.01.2025<\/td>\n<td><a href=\"http:\/\/www.hjortehaven.dk\/udvalg\/gr\u00f8nneomr\u00e5der\/Plankalender for hakkedage.pdf\" target=\"_blank\" rel=\"noopener\">Plankalender for hakkedage<\/a><\/td>\n<\/tr>\n<\/tbody>\n<\/table>\n<\/div>\n<\/div><\/div><\/div><\/div><\/div>","protected":false},"excerpt":{"rendered":"<p>Grundejerforeningens flagskib er de gr\u00f8nne omr\u00e5der. De har igennem mere end 30 \u00e5r v\u00e6ret passet og plejet af frivillige p\u00e5 udvalgte \u201dhakkedage\u201d, hvor der er luget ukrudt og sk\u00e5ret til. Nu er beplantningen vokset s\u00e5 meget til, at vi skal til at arbejde mere struktureret og bevidst med vedligeholdelsen af omr\u00e5derne. Det er dermed ikke&#8230;<\/p>\n","protected":false},"author":1,"featured_media":0,"parent":0,"menu_order":0,"comment_status":"closed","ping_status":"closed","template":"page_fullwidth.php","meta":[],"_links":{"self":[{"href":"https:\/\/www.hjortehaven.dk\/index.php?rest_route=\/wp\/v2\/pages\/853"}],"collection":[{"href":"https:\/\/www.hjortehaven.dk\/index.php?rest_route=\/wp\/v2\/pages"}],"about":[{"href":"https:\/\/www.hjortehaven.dk\/index.php?rest_route=\/wp\/v2\/types\/page"}],"author":[{"embeddable":true,"href":"https:\/\/www.hjortehaven.dk\/index.php?rest_route=\/wp\/v2\/users\/1"}],"replies":[{"embeddable":true,"href":"https:\/\/www.hjortehaven.dk\/index.php?rest_route=%2Fwp%2Fv2%2Fcomments&post=853"}],"version-history":[{"count":39,"href":"https:\/\/www.hjortehaven.dk\/index.php?rest_route=\/wp\/v2\/pages\/853\/revisions"}],"predecessor-version":[{"id":944,"href":"https:\/\/www.hjortehaven.dk\/index.php?rest_route=\/wp\/v2\/pages\/853\/revisions\/944"}],"wp:attachment":[{"href":"https:\/\/www.hjortehaven.dk\/index.php?rest_route=%2Fwp%2Fv2%2Fmedia&parent=853"}],"curies":[{"name":"wp","href":"https:\/\/api.w.org\/{rel}","templated":true}]}}